 Let f be l(4). Let o = -32 + f. What is the units digit of o?
9
Let j(u) = u**2 + 4*u + 9. Let x(h) be the third derivative of -h**4/24 + 7*h**3/6 + 6*h**2. Let n be x(16). What is the tens digit of j(n)?
5
Let f = 1686 + -1205. What is the tens digit of f?
8
Suppose y + 5*b + 12 = 0, 0 = -2*b - 2 - 4. Let l(p) = 4*p**2 + 1. What is the units digit of l(y)?
7
Let w be (-1 - 1)/((-3)/6). Suppose 0*c = w*c + 32. What is the tens digit of (c/(-5))/(1/15)?
2
Let l(f) = -f**3 + 7*f**2 - 11*f + 5. Let u be l(5). Suppose u = -6*n + 5 + 7. What is the units digit of n?
2
Let w = -946 + 1329. What is the units digit of w?
3
Let h be 6 + (-5)/(20/12). Suppose 20 = -b + h*b. Suppose b = u + 4*u. What is the units digit of u?
2
Let x(k) = 16*k**2 + k - 1. Let n be x(2). Let y = 88 - n. What is the tens digit of y?
2
Let k be (-6)/(-4)*(-12)/(-9). Let r = -11 + k. What is the units digit of 204/9*r/(-6)?
4
Suppose 4*q + 14 = -h + 5, 0 = h - 5*q - 27. Let b(i) = i**2 - 2*i - 2. Let p be b(-4). Suppose p = 5*y + h. What is the units digit of y?
3
Suppose -2*s + 5*x = -4*s + 105, 5*x - 195 = -4*s. Let k = s - 13. What is the units digit of k?
2
Let h(l) = -22*l + 6 + 21*l + 10. Let t be h(11). Suppose t*a = p + 135 - 10, -3*a - p = -67. What is the tens digit of a?
2
Suppose 667*r - 668*r + 1780 = 0. What is the hundreds digit of r?
7
Let x be (-6)/(-10)*(-70)/(-63)*-6. What is the tens digit of (x + 6)/((-6)/(-381))?
2
Let v(m) = -5*m. Let x(q) = 6*q - 1. Let b(h) = -5*v(h) - 4*x(h). Suppose -3*o = -6*o. What is the units digit of b(o)?
4
Let h(d) = -d**2 - 18*d - 12. Let n be h(-15). Let j = 82 - n. What is the units digit of j?
9
Let h be 2/(1 + 0) - 0. What is the units digit of (h/(-5))/(1*(-1)/280)?
2
Suppose -29 = -4*x - 13. What is the tens digit of -3*(x + -28 + -2)?
7
What is the units digit of (2 - -18)*(-3486)/(-168)?
5
Let f = 124 - -6. Suppose f = 5*g + 30. What is the units digit of g?
0
Let y be -2*(1/1 - 2). Suppose 112 = 5*f + y*a - 137, -f + 3*a = -60. What is the tens digit of f?
5
Let i(s) = 12*s**2 + 3*s - 67. Let t(q) = 6*q**2 + 2*q - 34. Let k(u) = 3*i(u) - 5*t(u). What is the hundreds digit of k(7)?
2
Let l be (-4)/(5 + -2 + -1). Let k be (2/2)/(-1)*l. Suppose 2*u - 2 - k = 0, -2*u = 3*q - 16. What is the units digit of q?
4
Let g be (2 - (-3)/(-1)) + 3 + -2. Suppose g*w - 62 = -w. What is the tens digit of w?
6
Let f = -67 + 71. Suppose -5*t - 5*v + 525 = 0, 3*t - 3*v = f*t - 111. What is the hundreds digit of t?
1
Suppose -3*d + l = -150, 0 = -2*d - 2*d + 3*l + 205. Suppose 10*q = 31 + d. What is the units digit of q?
8
Let j = -14 + 5. Let i = 24 + j. Suppose r + 4*n = -8, -i = -n + 4*n. What is the tens digit of r?
1
Let r(z) = -24*z - 9. Let u be r(-10). Suppose 0 = 33*t - 36*t + u. What is the tens digit of t?
7
Let n = -799 + 1548. What is the hundreds digit of n?
7
Let v be 4/(-12) + ((-20)/12)/(-5). Suppose v*s + 772 = 4*s. What is the tens digit of s?
9
Let y(t) = -102 + 11*t + 5*t - 22*t. What is the tens digit of y(-27)?
6
Let v = 104 - 43. Suppose -3*l + v + 5 = 0. Let u = l + -7. What is the units digit of u?
5
Let z(h) = -129*h**2 - 8*h - 12. Let l(g) = -43*g**2 - 3*g - 4. Let u(x) = 11*l(x) - 4*z(x). What is the tens digit of u(2)?
7
Let m(j) = -j**2 + j - 218. Let l be m(0). Let h = -112 - l. Suppose -5*w + 2*r + h = -22, -3*w = -2*r - 80. What is the units digit of w?
4
Let p(o) = 13*o**2 + 11*o + 43. What is the units digit of p(-3)?
7
Suppose -13*a - 63 = -34*a. Let r = -86 + 140. What is the tens digit of (10/a)/(12/r)?
1
Let k = 0 + 0. Let g(n) = n + 65. What is the units digit of g(k)?
5
What is the units digit of 5617 - (-6 + 7)*-10?
7
Let b = -11 - -472. What is the hundreds digit of b?
4
Let n = -185 - 204. What is the tens digit of n/(-7) - (-3)/7?
5
Suppose -2513 = -79*j + 78*j + 5*o, 2*j - o = 5017. What is the hundreds digit of j?
5
Let b = 3491 + -2372. What is the thousands digit of b?
1
Suppose 330 = -22*d + 28*d. What is the units digit of 4/22*-1 + 4905/d?
9
Let r = 24 - 22. What is the units digit of (12/24)/(r/100)?
5
Let i be (8 - 10) + 62/1. Suppose g = 2*l + i, 5*l - 22 = -3*g + 125. What is the units digit of g?
4
Let i(r) = 13*r - 4. Let v be 2/3 + 18/(-27). Let x(y) = y**3 + y**2 - y + 3. Let q be x(v). What is the tens digit of i(q)?
3
Let a be 4/1 - 0/1. Let u be (77/(-14) - -4)/((-1)/132). Suppose -a*i = s - 66, -2*s - s = -i - u. What is the tens digit of s?
6
Let i = -28 + 42. What is the units digit of 1072/i + 15/35?
7
Suppose 18*v - 6015 = 7719. What is the units digit of v?
3
Suppose c = -5*o + 17, -c = 3 - 0. Suppose 4*a + 13 = m, -o*a + 165 = 5*m + a. What is the units digit of m?
9
Let z = 9 - 9. Suppose 4*b + 25 - 1 = z. Let m = -3 - b. What is the units digit of m?
3
Suppose -a + 6*a + 780 = 0. Let v be 21/(-6) + (-1)/(-2). What is the tens digit of (-1)/(4/a) + v?
3
Suppose 0 = -5*w + 88 + 37. Suppose -5*j + 67 + w = -l, 5*l = 4*j - 61. Let n = -1 + j. What is the tens digit of n?
1
Let t(m) = -3*m + 5. Let x(y) = 4*y - 5. Let j(f) = -3*t(f) - 2*x(f). Let h be -4 + (-1 - 3) + 14. What is the units digit of j(h)?
1
Let b(f) = -161*f - 25. Let x be b(-15). Suppose 0 = -5*h - 5*h + x. What is the hundreds digit of h?
2
Suppose 4*c + i = -180, 3*c + 4*i + 61 = -74. What is the tens digit of (-894)/c + 8/60?
2
Let g be (0*(-2)/4)/(-1). Suppose 0 = i - g*i, -101 = -q - 4*i. What is the tens digit of q?
0
Suppose 0 = -0*q - q - 5*i + 2, 4*i + 12 = 0. Suppose q*p + 735 = 20*p. What is the hundreds digit of p?
2
Let c be 6 + 7/(21/(-6)). Let l(q) = -q**2 + 3*q - 2. Let d be l(c). What is the units digit of 2/d - 174/(-9)?
9
Let z(t) = 2*t - 19. Let d be z(11). Suppose 153 = -d*q + 6*q. What is the units digit of q?
1
Let d = 1 + 2. Suppose 3*o = 3, v + d*v = 4*o + 196. What is the tens digit of v?
5
Suppose -4*s + 162 = -s. Suppose s = 6*x - 5*x. What is the tens digit of x?
5
What is the tens digit of 20*(-1 - -6 - (-120)/96)?
2
Let a be 5*5/50*1076. Suppose a = 2*x + 2*z, z + 807 = 3*x - z. What is the tens digit of x?
6
Let i = 27 - 23. Suppose -i*g = -12, -t - 3*g - g = -62. What is the tens digit of t?
5
Let x(r) = r**2 - 8*r - 3. Let h be x(5). What is the units digit of h*(-2 - (-7)/9*-15)?
6
Suppose h + t - 5*t + 315 = 0, -2*t + 1218 = -4*h. Let y = h - -470. What is the units digit of y?
7
Let t(j) be the first derivative of 7*j**3/3 + 3*j**2 - 6*j + 20. What is the tens digit of t(4)?
3
Suppose h + 0*h = 207. Suppose -4*q + 352 = -4*d, d + 25 = -2*q + h. What is the units digit of q?
0
Let v(s) = 12*s**2 + 7*s - 8. Suppose -3 = -4*w + 13. What is the tens digit of v(w)?
1
What is the tens digit of ((-4148)/305)/(5/(1425/(-6)))?
4
Let g = -14 - -12. Let m be ((-3)/(-2))/(g/(-28)). Suppose -47 - m = -4*p. What is the units digit of p?
7
Suppose -10 = 2*y - 7*y. Suppose -t = y*t. Suppose 0 = -2*r - t*r + 18. What is the units digit of r?
9
Suppose 3723 + 3741 = 6*l. What is the hundreds digit of l?
2
Let m = -59 + 166. Suppose c - m = -19. What is the tens digit of c?
8
Let k(s) be the first derivative of 5*s**3/3 - 4*s**2 - 4*s - 8. Let x be k(4). Let d = 81 - x. What is the tens digit of d?
3
Suppose -30496 = -11*d + 3*d. What is the tens digit of d?
1
Let n be 1 + 10 + 6 + -4. Suppose -4*h = b - 241 - n, -h + 2*b = -59. What is the units digit of h?
3
Let c(b) = -3*b - 17. Let a(y) = -1. Let h(o) = a(o) - c(o). Let u be h(0). Suppose -u*v = -19*v + 63. What is the tens digit of v?
2
Let s(h) = 3*h - 30. Let o be s(12). Suppose 6*g - 144 = -o*g. What is the tens digit of g?
1
Let t = 530 - -1858. What is the hundreds digit of t?
3
Let l(a) be the first derivative of 37*a**2/2 - 3*a - 10. Let j be l(-1). What is the tens digit of j/6*105/(-10)?
7
What is the units digit of 6/(-16) + (31878/48)/11?
0
Suppose -41 + 47 = -2*q. What is the units digit of (2856/(-147) - q/7)*-13?
7
Suppose -5*y + 636 = 4*h, -5*y = -5*h - 4*y + 766. Suppose -2*f - 2*r + 304 = 0, -f + 2*r = -2*f + h. What is the units digit of f?
0
Let x(y) = 10*y**2 - 38*y + 2. What is the units digit of x(-6)?
0
Suppose 0 = 4*z - 157 - 19. Suppose 3*a - t = 6*a + z, -4*t = 4*a + 56. What is the units digit of (6 - a/5)*3?
7
Let n = -151 + 243. Suppose 242 = 5*z + n. What is the units digit of z?
0
Suppose 7*j =